 = 723. What is the units digit of i?
9
What is the thousands digit of ((-1)/2*-8)/(30/16215)?
2
Suppose 3*s - 5*c - 13 = 0, 5*s - 5*c = -c. Let u be 1/((14/s)/(-7)). What is the tens digit of 5*(19/5 + u)?
2
What is the tens digit of 526608/230 - (-6)/15?
9
Let q = 6 + 5. Let w(j) = j**2 - 11*j + 11. Let s be w(q). Suppose -v + 5 = -g - 9, v + s = -4*g. What is the units digit of v?
9
Suppose -30*x - 5921 = -33*x + 4*h, 2*h = 3*x - 5917. What is the hundreds digit of x?
9
Let t be ((-27)/(-6))/(12/80). Let h = t - 19. What is the units digit of h?
1
Let f = -107 - -55. Let o = f - -26. Let n = -11 - o. What is the units digit of n?
5
Let u = 13 + -13. Suppose 4*f + 24 = -u*f. What is the units digit of 7 + 3 + f - -2?
6
Suppose 3*n = 4*u - 610 - 2257, 4*u - 4*n = 2868. What is the hundreds digit of u?
7
Let a be (-20)/8 - 9/6. What is the units digit of -111*a/12*1?
7
Let i = 1 - -21. Suppose -66 + 9 = 3*a + 2*w, 3*a + 57 = -5*w. What is the tens digit of 37/1 - (a + i)?
3
Let k(l) = l + 4. Let o be k(-3). Let t(g) = o + g + 4 + 2. What is the units digit of t(-6)?
1
What is the units digit of (-10)/30 + 18965/15?
4
Suppose 3*r - 47 + 59 = 0, -5*l + 2*r + 318 = 0. Suppose -4*n + 2*n + 26 = 0. Suppose y - 5*s - n = 0, -s = -4*y + l + 9. What is the tens digit of y?
1
What is the thousands digit of (129/387)/(2 - (-85605)/(-42804))?
4
What is the units digit of (-32)/(-24)*2055/4?
5
Let z = -26 - -48. Suppose 8 = g - m - 0, g + 5*m + z = 0. What is the tens digit of 4/g*1083/76?
1
Let x(d) = 10*d**2 + 9*d + 17. What is the hundreds digit of x(-7)?
4
Suppose 0*n + 76000 = 25*n. What is the tens digit of n?
4
Let n be ((-2)/(-4) + 0)*86. Suppose 64 = -5*q + 3*d, -n = 2*q - 5*d - 6. Let s = -3 - q. What is the units digit of s?
8
Let x be (-73)/5 - (-24)/(-60). Let z = x + 18. Suppose -m + 14 = z. What is the tens digit of m?
1
Suppose 5*o + 14 - 39 = 0. Suppose -o*i + 4*b - 28 = 0, -4*b + 14 = -2*i - b. What is the units digit of 6/i*8/(-12)?
1
Let l = 3856 - 2091. What is the hundreds digit of l?
7
Suppose 9057 + 983 = 8*z. What is the units digit of z?
5
Let k be (-21)/(-15) - 1 - (-258)/30. Suppose -k*u + 13 = -5. What is the units digit of u?
2
Suppose 0*d + 4*d = 4*c + 184, 3*d + c = 126. Suppose 44*k - 21 = d*k. What is the tens digit of k?
2
Let o(a) = 3*a**3 - 4*a**2 + 4*a - 3. Let v(y) = 42*y - 17*y - 4 - 22*y. Let h be v(2). What is the tens digit of o(h)?
1
Suppose 0 = 2*r - 1 + 7. Let s = r + 21. Suppose -s - 4 = -2*v. What is the units digit of v?
1
Suppose 0 = 7*o - 12*o + 5. What is the tens digit of 72 + 4/o + -4?
7
Suppose -3*f - 8*o = -4*o - 5470, 0 = -2*f + 3*o + 3658. What is the thousands digit of f?
1
Suppose 3*j + 38 = 5*y - 55, -5*y - 155 = 5*j. Let b = j + 10. What is the tens digit of -1 + (1 - b) + 2?
2
Let a = 7 + -10. Let n be (0 - (2 - 1)) + 2. What is the units digit of -2*n + 35 + a?
0
Let u(r) = -11*r**2 - 8*r - 6. Let p(o) = -5*o**2 - 4*o - 3. Let s(l) = -9*p(l) + 4*u(l). Let t be (10/(-6))/((-4)/6 + 1). What is the units digit of s(t)?
8
Let h(c) = 2*c**3 - 19*c**2 + 14*c + 12. What is the tens digit of h(12)?
0
Let i be 1 + (-111)/((-3)/(-42)*-2). Suppose 0 = 2*s, -5*a + 62 = -3*s - i. What is the hundreds digit of a?
1
Suppose -10*j = -9*j + 9. Let g be (-3)/(j/60) + 4. Let t = 57 - g. What is the units digit of t?
3
Let q(c) = c**3 - 11*c**2 - 13*c + 24. Let n be q(12). Suppose -79 - 1061 = -n*j. What is the tens digit of j?
9
Let n = 233 + 214. What is the tens digit of n?
4
Let b(t) = 110*t + 8. Let x be b(4). Suppose 0 = -10*h + 2*h + x. What is the units digit of h?
6
Let w(u) = -u**3 - 10*u**2 + 7. Let y be w(-10). Suppose -c + 576 = y*c. What is the units digit of c?
2
Suppose -23*l - 2377 = -28*l + 3*u, -5*u + 926 = 2*l. What is the hundreds digit of l?
4
Let d(w) = 6 + 0 - 5 - 11*w - 14. Let j be d(-6). Suppose -j = -3*i - r, 2*r = r + 5. What is the tens digit of i?
1
Suppose 20 = -a + 9. Let t = a - -13. Suppose -4*z = -j - 2, -3*j - t*z = -j - 26. What is the tens digit of j?
1
Let g = -4 - -9. Suppose -4*q + 20 = 2*z, -4*q = -g*q - z + 7. Suppose 92 + 19 = q*y. What is the units digit of y?
7
Suppose -4*t = -2*k - 18, 10 + 2 = 5*t + k. Let a be (-14)/t + (-6)/(-9). Let h = 11 + a. What is the units digit of h?
7
Let x(v) = -8*v**3 + 7*v**2 + 9*v**3 - 2*v**3 - 5*v. What is the tens digit of x(5)?
2
Let g be 8/3 - (-40)/(-60). Suppose -t - g = -16. What is the units digit of t?
4
Let q = -33 + 35. Suppose -5*l + 0*l + 367 = -q*u, -3*l + 205 = -5*u. What is the tens digit of l?
7
Suppose a + 1162 = -4*n, 4*a + 1168 = -4*n - 0*a. Let u = -64 - n. What is the hundreds digit of u?
2
Let m(i) = i**3 + 16*i**2 - 18*i - 18. Let f be m(-17). What is the units digit of 82 - ((-8)/(-4)*f + -1)?
5
What is the units digit of (-5)/(15/2) - 182/(-3)?
0
Let m(q) = -2*q + 18. Suppose 5*c + 15 = -25. Let y(w) = 5*w - 53. Let d(j) = c*m(j) - 3*y(j). What is the units digit of d(8)?
3
What is the tens digit of (4365/18 + 8)*(-1 + 5)?
0
Suppose 4*r - 2*a = 4478, -4*r = 5*a - 150 - 4335. What is the units digit of r?
0
Suppose 0 = 2*x - 5*n - 25 + 2, 4*x = 4*n + 28. Let o(a) = a**2 + 4*a + 2. Let l be o(0). Suppose -q = -l*q + x. What is the units digit of q?
4
Suppose -3*h + h - 3*o = -458, 948 = 4*h - 2*o. What is the hundreds digit of h?
2
Let d be 3/(-6) + (-11046)/(-12). Suppose -11*t + d = -3*t. What is the units digit of t?
5
Let v be 0 - (-70)/(-3 - 2). Let y = -10 - v. Suppose f = 3*i + 28, y*i + 24 = 2*f - f. What is the tens digit of f?
4
Suppose -6*t + 1116 = -2514. What is the tens digit of t?
0
Let g(v) = v**2 - 4*v - 31. What is the units digit of g(10)?
9
Let f(i) = -i - 6. Let v be f(-9). Suppose 545 = 5*j + v*k, 0*k + k - 535 = -5*j. Suppose 4*c = 2*q + j, 5*c - 5*q = 45 + 80. What is the tens digit of c?
2
Let t = 1696 + 926. What is the thousands digit of t?
2
Let h = 28 + -23. Let c(g) = -g**3 + 6*g**2 - 2*g - 7. Let p be c(h). Suppose -p*f + 21 = -5*f. What is the units digit of f?
7
Let c = -73 - -76. What is the units digit of c/(-9)*-15*(-1)/(-1)?
5
Let u(d) = d**3 + 3*d + 37. Let l = -9 - -9. What is the units digit of u(l)?
7
Let y(i) = i**3 - 11*i**2 + 4*i - 7. Let b be y(11). Suppose -3 - b = -2*c. Let p = 33 - c. What is the units digit of p?
3
Let u = -892 + 1493. What is the hundreds digit of u?
6
Let o be 5/(-20) + 222/(-8). Let t be (-24)/(-60) - o/5. Suppose -t*v + 48 = -4*v. What is the units digit of v?
4
Let b be 2*1*-724*5/(-40). Suppose 2*t - b = -3*n, 5*t + 6 = 2*n - 83. What is the tens digit of n?
5
Suppose 4*k + 2*j - 5*j = 2, 2*k + 5*j = 14. Suppose 3*b = k*s - 247, -4*b + 11 + 572 = 5*s. What is the tens digit of s?
1
Let f(w) = 7*w - 3. Let s be f(1). What is the tens digit of (-2123)/(-22) + 6/s?
9
What is the units digit of 1/(-8) + 197358/112?
2
Let f = 32 + 9. Let v = f - -3. What is the units digit of v?
4
Suppose 3 = 4*y - 9. Let z be (-32)/24*y/(-2). Suppose -280 = -3*n - z*n. What is the tens digit of n?
5
Let f = 500 + -307. Let a = 362 - f. What is the units digit of a?
9
Suppose 0 = -3*s + 15, 2*s - s - 2645 = -5*t. Suppose -4*z + 0*z = -t. Suppose 3*v - 36 - z = 0. What is the units digit of v?
6
Suppose -5*f - 2*s - 42 = 0, -5*f - 2*s - 37 = -5*s. Let u be (5/(-5) - -1) + 4 - 2. What is the tens digit of u*(-2)/f*22?
1
Let i(w) = w**2 - 5*w - 10. Let m be i(7). Let t(q) = 11*q - 4. What is the units digit of t(m)?
0
Suppose 4*w - 2*p = -778, -p = 5*w + p + 968. Let y = -131 - w. What is the tens digit of (-1 - -4) + (y - 4)?
6
Suppose 0 = 14*g - 15*g + 1. Let j(o) = 56*o**2 - 3*o. What is the tens digit of j(g)?
5
Let d(w) = 8*w**2 - 12*w + 47. Let n be d(6). Suppose -n = -5*g - 2*k, 0*k - 8 = -2*k. What is the tens digit of g?
5
Let i be (-2)/(-1 + -2 - 44/(-16)). Suppose 9*f - i*f - 57 = 0. What is the tens digit of f?
5
Let b = 998 - 641. What is the units digit of b?
7
Suppose -1468 + 5255 = 7*i. Suppose -11*f = -i - 119. What is the tens digit of f?
6
Let m(y) = 13*y - 93. Let g be m(10). Suppose -h + 393 = 4*r + 104, -r + 70 = h. Let b = r - g. What is the tens digit of b?
3
Let t(z) = z**2 + 2*z + 2. Let k be t(0). Suppose 192 = k*n + 8. What is the units digit of n?
2
Suppose 0*a = 5*a + 3*h - 22, 2*h + 22 = 4*a. Suppose -n + 268 = -5*b, 94 = -n - 